{"id":95,"date":"2015-10-03T19:59:44","date_gmt":"2015-10-03T19:59:44","guid":{"rendered":"http:\/\/totaltheme.wpengine.com\/corporate\/?page_id=2"},"modified":"2021-11-20T15:02:25","modified_gmt":"2021-11-20T15:02:25","slug":"home","status":"publish","type":"page","link":"https:\/\/www.elmernapkozi.hu\/","title":{"rendered":"Home"},"content":{"rendered":"<section class=\"wpb-content-wrapper\">[vc_row full_width=&#8221;stretch_row_content_no_spaces&#8221; remove_bottom_col_margin=&#8221;true&#8221; visibility=&#8221;visible-desktop&#8221;][vc_column][rev_slider_vc alias=&#8221;corporate-home&#8221;][\/vc_column][\/vc_row][vc_row full_width=&#8221;stretch_row_content_no_spaces&#8221; remove_bottom_col_margin=&#8221;true&#8221; visibility=&#8221;hidden-desktop&#8221;][vc_column][vc_single_image image=&#8221;116&#8243;][\/vc_column][\/vc_row][vc_row tablet_fullwidth_cols=&#8221;yes&#8221; css=&#8221;.vc_custom_1520019953845{padding-top: 60px !important;padding-bottom: 20px !important;}&#8221;][vc_column width=&#8221;1\/4&#8243;]<div class=\"vcex-module vcex-icon-box vcex-icon-box-two wpex-relative wpex-text-center vc_custom_1637262665205\"><div class=\"vcex-icon-box-symbol wpex-mb-20\"><div class=\"vcex-icon-box-icon wpex-inline-flex wpex-items-center wpex-justify-center wpex-child-inherit-color wpex-text-center wpex-leading-none wpex-text-black\" style=\"color:#ffffff;font-size:48px;border-radius:50%;background:#83c132;width:100px;height:100px;\"><span class=\"vc_li vc_li-star\" aria-hidden=\"true\"><\/span><\/div><\/a><\/div><div class=\"vcex-icon-box-text\"><h2 class=\"vcex-icon-box-heading wpex-heading wpex-text-md wpex-mb-10\">Elmer<\/h2><div class=\"vcex-icon-box-content wpex-last-mb-0 wpex-clr\"><p>\u201e \u2026 \u0151 a legvid\u00e1mabb, legszeretetrem\u00e9lt\u00f3bb, legkedvesebb bar\u00e1t a\u00a0 vil\u00e1gon. Elmer egy sz\u00ednpomp\u00e1s, foltokb\u00f3l varrt elef\u00e1nt\u201d- David McKee<\/p>\n<\/div><\/div><\/div>[\/vc_column][vc_column width=&#8221;1\/4&#8243;]<div class=\"vcex-module vcex-icon-box vcex-icon-box-two wpex-relative wpex-text-center vc_custom_1637257150395\"><div class=\"vcex-icon-box-symbol wpex-mb-20\"><div class=\"vcex-icon-box-icon wpex-inline-flex wpex-items-center wpex-justify-center wpex-child-inherit-color wpex-text-center wpex-leading-none wpex-text-black\" style=\"color:#ffffff;font-size:48px;border-radius:50%;background:#83c132;width:100px;height:100px;\"><span class=\"ticon ticon-star-o\" aria-hidden=\"true\"><\/span><\/div><\/a><\/div><div class=\"vcex-icon-box-text\"><h2 class=\"vcex-icon-box-heading wpex-heading wpex-text-md wpex-mb-10\">Felv\u00e9tel<\/h2><div class=\"vcex-icon-box-content wpex-last-mb-0 wpex-clr\"><p>B\u00f6lcs\u0151d\u00e9nk egy \u00e9ves kort\u00f3l fogad gyermekeket, a jelentkez\u00e9s eg\u00e9sz \u00e9vben folyamatos<!--more--><\/p>\n<\/div><\/div><\/div>[\/vc_column][vc_column width=&#8221;1\/4&#8243;]<div class=\"vcex-module vcex-icon-box vcex-icon-box-two wpex-relative wpex-text-center vc_custom_1637262466055\"><div class=\"vcex-icon-box-symbol wpex-mb-20\"><div class=\"vcex-icon-box-icon wpex-inline-flex wpex-items-center wpex-justify-center wpex-child-inherit-color wpex-text-center wpex-leading-none wpex-text-black\" style=\"color:#ffffff;font-size:48px;border-radius:50%;background:#83c132;width:100px;height:100px;\"><span class=\"vc_li vc_li-star\" aria-hidden=\"true\"><\/span><\/div><\/a><\/div><div class=\"vcex-icon-box-text\"><h2 class=\"vcex-icon-box-heading wpex-heading wpex-text-md wpex-mb-10\">Mozg\u00e1s<\/h2><div class=\"vcex-icon-box-content wpex-last-mb-0 wpex-clr\"><p>A mozg\u00e1s a gyermekek l\u00e9teleme, eg\u00e9szs\u00e9ges fejl\u0151d\u00e9s\u00fck felt\u00e9tele, ez\u00e9rt napi rendszeress\u00e9ggel tartunk j\u00e1t\u00e9kos gyermektorn\u00e1t<\/p>\n<\/div><\/div><\/div>[\/vc_column][vc_column width=&#8221;1\/4&#8243;]<div class=\"vcex-module vcex-icon-box vcex-icon-box-two wpex-relative wpex-text-center vc_custom_1637263448843\"><div class=\"vcex-icon-box-symbol wpex-mb-20\"><div class=\"vcex-icon-box-icon wpex-inline-flex wpex-items-center wpex-justify-center wpex-child-inherit-color wpex-text-center wpex-leading-none wpex-text-black\" style=\"color:#ffffff;font-size:48px;border-radius:50%;background:#83c132;width:100px;height:100px;\"><span class=\"ticon ticon-star-o\" aria-hidden=\"true\"><\/span><\/div><\/a><\/div><div class=\"vcex-icon-box-text\"><h2 class=\"vcex-icon-box-heading wpex-heading wpex-text-md wpex-mb-10\">\u00c9tkez\u00e9s<\/h2><div class=\"vcex-icon-box-content wpex-last-mb-0 wpex-clr\"><p>\u00c9tlapunk a kisgyermekek t\u00e1panyagsz\u00fcks\u00e9glet\u00e9nek figyelembev\u00e9tel\u00e9vel k\u00e9sz\u00fcl, k\u00fcl\u00f6n figyel\u00fcnk a gyermekek \u00e9letkori saj\u00e1toss\u00e1g\u00e1b\u00f3l fakad\u00f3 t\u00e1pl\u00e1lkoz\u00e1si ig\u00e9nyeire.<\/p>\n<\/div><\/div><\/div>[\/vc_column][\/vc_row][vc_row full_width=&#8221;stretch_row&#8221; parallax=&#8221;content-moving&#8221; parallax_image=&#8221;66&#8243; remove_bottom_col_margin=&#8221;true&#8221; css=&#8221;.vc_custom_1637420539779{padding-top: 100px !important;padding-bottom: 100px !important;background-color: #555555 !important;}&#8221;][vc_column]<div class=\"vcex-heading vcex-module wpex-text-2xl wpex-font-normal wpex-m-auto wpex-max-w-100 vcex-heading-plain wpex-block wpex-text-center vc_custom_1615829844018\" style=\"color:#ffffff;font-size:26px;\"><span class=\"vcex-heading-inner wpex-inline-block wpex-clr\">Nevel\u00e9si elveink<\/span><\/div><div class=\"vcex-module vcex-divider vcex-divider-solid wpex-max-w-100 wpex-mx-auto wpex-block wpex-h-0 wpex-border-b wpex-border-solid wpex-border-gray-200\" style=\"width:80px;border-bottom-width:3px;border-color:#83c132;\"><\/div><div class=\"vcex-spacing wpex-w-100 wpex-clear\" style=\"height:30px\"><\/div>[vc_column_text width=&#8221;700px&#8221; color=&#8221;#ffffff&#8221;]\n<p style=\"text-align: center;\">Szeretetteljes, biztons\u00e1got ad\u00f3, \u00e9rzelemben gazdag napk\u00f6zis \u00e9let megteremt\u00e9s\u00e9re t\u00f6reksz\u00fcnk, ahol a gyermekk\u00f6zpont\u00fas\u00e1g \u00fagy jelenik meg, hogy fejl\u0151d\u00e9si lehet\u0151s\u00e9get, \u00f6n\u00e1ll\u00f3s\u00e1got ad a gyermeknek.<\/p>\n[\/vc_column_text]<div class=\"vcex-spacing wpex-w-100 wpex-clear\" style=\"height:30px\"><\/div><div class=\"textcenter theme-button-wrap wpex-clr\"><a href=\"#\" title=\"Learn More\" class=\"vcex-button theme-button align-center inline\" target=\"_blank\" style=\"padding:10px 30px;border-radius:0;\" rel=\"noopener noreferrer\"><span class=\"theme-button-inner\">Olvass tov\u00e1bb<\/span><\/a><\/div> [\/vc_column][\/vc_row][vc_row css=&#8221;.vc_custom_1520019927038{margin-bottom: 10px !important;padding-top: 80px !important;}&#8221;][vc_column][\/vc_column][\/vc_row]\n<\/section>","protected":false},"excerpt":{"rendered":"<p>[vc_row full_width=&#8221;stretch_row_content_no_spaces&#8221; remove_bottom_col_margin=&#8221;true&#8221; visibility=&#8221;visible-desktop&#8221;][vc_column][rev_slider_vc alias=&#8221;corporate-home&#8221;][\/vc_column][\/vc_row][vc_row full_width=&#8221;stretch_row_content_no_spaces&#8221; remove_bottom_col_margin=&#8221;true&#8221; visibility=&#8221;hidden-desktop&#8221;][vc_column][vc_single_image image=&#8221;116&#8243;][\/vc_column][\/vc_row][vc_row tablet_fullwidth_cols=&#8221;yes&#8221; css=&#8221;.vc_custom_1520019953845{padding-top: 60px !important;padding-bottom: 20px !important;}&#8221;][vc_column width=&#8221;1\/4&#8243;][\/vc_column][vc_column width=&#8221;1\/4&#8243;]B\u00f6lcs\u0151d\u00e9nk egy \u00e9ves kort\u00f3l fogad gyermekeket, a jelentkez\u00e9s eg\u00e9sz \u00e9vben folyamatos<\/p>\n","protected":false},"author":1,"featured_media":0,"parent":0,"menu_order":0,"comment_status":"closed","ping_status":"closed","template":"","meta":{"footnotes":""},"class_list":["post-95","page","type-page","status-publish","hentry","entry","no-media"],"_links":{"self":[{"href":"https:\/\/www.elmernapkozi.hu\/index.php\/wp-json\/wp\/v2\/pages\/95","targetHints":{"allow":["GET"]}}],"collection":[{"href":"https:\/\/www.elmernapkozi.hu\/index.php\/wp-json\/wp\/v2\/pages"}],"about":[{"href":"https:\/\/www.elmernapkozi.hu\/index.php\/wp-json\/wp\/v2\/types\/page"}],"author":[{"embeddable":true,"href":"https:\/\/www.elmernapkozi.hu\/index.php\/wp-json\/wp\/v2\/users\/1"}],"replies":[{"embeddable":true,"href":"https:\/\/www.elmernapkozi.hu\/index.php\/wp-json\/wp\/v2\/comments?post=95"}],"version-history":[{"count":16,"href":"https:\/\/www.elmernapkozi.hu\/index.php\/wp-json\/wp\/v2\/pages\/95\/revisions"}],"predecessor-version":[{"id":209,"href":"https:\/\/www.elmernapkozi.hu\/index.php\/wp-json\/wp\/v2\/pages\/95\/revisions\/209"}],"wp:attachment":[{"href":"https:\/\/www.elmernapkozi.hu\/index.php\/wp-json\/wp\/v2\/media?parent=95"}],"curies":[{"name":"wp","href":"https:\/\/api.w.org\/{rel}","templated":true}]}}