{"id":31,"date":"2015-10-03T20:38:42","date_gmt":"2015-10-03T20:38:42","guid":{"rendered":"http:\/\/totaltheme.wpengine.com\/corporate\/?page_id=31"},"modified":"2021-03-06T16:07:16","modified_gmt":"2021-03-06T16:07:16","slug":"blog","status":"publish","type":"page","link":"https:\/\/www.elmernapkozi.hu\/index.php\/blog\/","title":{"rendered":"H\u00e1zirend"},"content":{"rendered":"<section class=\"wpb-content-wrapper\">[vc_row][vc_column][vc_column_text css=&#8221;.vc_custom_1615046836881{margin-right: 50px !important;margin-left: 50px !important;}&#8221;]\n<h2><b><big>Beszoktat\u00e1s<\/big><\/b><big> <\/big><\/h2>\n<div>\n<p style=\"text-align: justify;\">A gyermekek ig\u00e9nyeihez alkalmazkodva a gyermekek beszoktat\u00e1sa fokozatosan t\u00f6rt\u00e9nik. A beszoktat\u00e1si id\u0151 alatt (kb. 1 \u2013 2 h\u00e9t) a sz\u00fcl\u0151k gyermek\u00fckkel egy\u00fctt, k\u00f6z\u00f6sen vesznek r\u00e9szt a napk\u00f6zi \u00e9let\u00e9ben. Sz\u00fcl\u0151vel t\u00f6rt\u00e9n\u0151 fokozatos beszoktat\u00e1s m\u00f3dszer\u00e9nek bevezet\u00e9se a gondoz\u00f3-nevel\u0151 munka egyik fontos feladata. A b\u00f6lcs\u0151d\u00e9ben a sz\u00fcl\u0151k jelenl\u00e9te biztons\u00e1got ad a kisgyermeknek \u00e9s megk\u00f6nny\u00edti az \u00faj k\u00f6rnyezethez val\u00f3 alkalmazkod\u00e1st.<\/p>\n<p style=\"text-align: justify;\">A kisgyermek \u00e9s a gondoz\u00f3n\u0151 k\u00f6z\u00f6tt fokozatosan kialakul\u00f3 \u00e9rzelmi k\u00f6t\u0151d\u00e9s seg\u00edti a k\u00f6rnyezet elfogad\u00e1s\u00e1t, megk\u00f6nny\u00edti a beilleszked\u00e9st. Az els\u0151 nap egy \u00f3r\u00e1t t\u00f6ltenek a csoportban a sz\u00fcl\u0151vel, majd fokozatosan emelkedik a bent t\u00f6lt\u00f6tt id\u0151. A beszoktat\u00e1s els\u0151 het\u00e9ben a sz\u00fcl\u0151vel egy\u00fctt, a m\u00e1sodik h\u00e9ten m\u00e1r a sz\u00fcl\u0151 \u00e1lland\u00f3 jelenl\u00e9te n\u00e9lk\u00fcl, de r\u00f6videbb \u00e9s fokozatosan emelt id\u0151vel t\u00f6rt\u00e9nik. Az els\u0151 napokban a sz\u00fcl\u0151 v\u00e9gzi a gondoz\u00e1si m\u0171veleteket, melyet a gondoz\u00f3n\u0151 megfigyel. Harmadik- negyedik napt\u00f3l a gondoz\u00f3n\u0151 fokozatosan veszi \u00e1t a sz\u00fcl\u0151t\u0151l a gyermekkel kapcsolatos teend\u0151ket.<\/p>\n<p style=\"text-align: justify;\">A gyermek \u00e9brenl\u00e9ti ideje alatt a sz\u00fcl\u0151 r\u00f6videbb- hosszabb ideig t\u00e1vozhat a csoportszob\u00e1b\u00f3l. A gyermekkel megbesz\u00e9lve hagyja el a csoportszob\u00e1t, \u00edgy tudatos\u00edtja a gyermekben, hogy nem hagyja itt, ezekb\u0151l a kis jelz\u00e9sekb\u0151l a gyermek megtanulja, hogy biztons\u00e1gban \u00e9rezheti mag\u00e1t. Az alv\u00e1s jelenti a legnehezebb gondot, ez\u00e9rt ha sz\u00fcks\u00e9ges a sz\u00fcl\u0151 m\u00e9g a m\u00e1sodik h\u00e9t v\u00e9g\u00e9ig is itt tart\u00f3zkodik a b\u00f6lcs\u0151d\u00e9ben az alv\u00e1s ideje alatt, illetve az \u00e9bred\u00e9s v\u00e1rhat\u00f3 id\u0151pontj\u00e1ban.<\/p>\n<p style=\"text-align: justify;\">A beszoktat\u00e1s menet\u00e9ben figyelembe vessz\u00fck a gyermekek otthoni szok\u00e1sait is.<\/p>\n<\/div>\n<h2><big><b>Ruh\u00e1zat<\/b> <\/big><\/h2>\n<div>\n<p>A csal\u00e1di napk\u00f6zi biztos\u00edtja:<br \/>\n&#8211;\u00a0\u00a0 tiszt\u00e1lkod\u00f3 szerek: fogkefe, fogkr\u00e9m, WC-pap\u00edr,szappan<br \/>\n&#8211;\u00a0\u00a0 tiszt\u00e1lkod\u00f3 eszk\u00f6z\u00f6k: k\u00e9zt\u00f6rl\u0151k, f\u00e9s\u0171, valamint<br \/>\n&#8211;\u00a0\u00a0 \u00e1gynem\u0171, t\u00f6r\u00f6lk\u00f6z\u0151k.<br \/>\nEzek tiszt\u00e1n tart\u00e1s\u00e1r\u00f3l a fenntart\u00f3 gondoskodik.<\/p>\n<p>A sz\u00fcl\u0151knek a k\u00f6vetkez\u0151 eszk\u00f6z\u00f6kr\u0151l kell gondoskodni:<br \/>\n&#8211; \u00a0\u00a0\u00a0a napk\u00f6ziben a gyermekek saj\u00e1t ruh\u00e1jukat haszn\u00e1lj\u00e1k,<br \/>\n&#8211;\u00a0\u00a0\u00a0 v\u00e1lt\u00f3ruha \u00e9s v\u00e1lt\u00f3 cip\u0151 (szabadid\u0151ruha \u00e9s nem k\u00e9nyes cip\u0151),<br \/>\n&#8211;\u00a0\u00a0\u00a0 pelenka, t\u00f6rl\u0151kend\u0151, popsi kr\u00e9m.<br \/>\nEzek tiszt\u00e1n tart\u00e1s\u00e1r\u00f3l a sz\u00fcl\u0151k gondoskodnak.<\/p>\n<\/div>\n<h2><big><b>Betegs\u00e9g<\/b> <\/big><\/h2>\n<div style=\"text-align: justify;\">A beiratkoz\u00e1s felt\u00e9tele, hogy a gyermek rendelkezzen h\u00e1ziorvosi igazol\u00e1ssal arr\u00f3l , hogy k\u00f6z\u00f6ss\u00e9gbe mehet \u00e9s a sz\u00fcks\u00e9ges v\u00e9d\u0151olt\u00e1sokat megkapta (olt\u00e1si k\u00f6nyv bemutat\u00e1sa).<br \/>\nK\u00e9rj\u00fck a sz\u00fcl\u0151ket, hogy a gyermek betegs\u00e9g\u00e9t legk\u00e9s\u0151bb t\u00e1rgynap reggel 09.00 \u00f3r\u00e1ig\u00a0 jelezz\u00e9k. Betegs\u00e9g eset\u00e9n telefonon \u00e9rtes\u00edtj\u00fck a sz\u00fcl\u0151t, gondvisel\u0151t, \u00e9s a beteg gyermeket a t\u00f6bbiekt\u0151l elk\u00fcl\u00f6n\u00edtve \u00e1poljuk, am\u00edg \u00e9rte nem j\u00f6nnek. Betegs\u00e9g miatti hi\u00e1nyz\u00e1st k\u00f6vet\u0151en az ell\u00e1t\u00e1s folytat\u00e1s\u00e1nak felt\u00e9tele a gyermek gy\u00f3gyults\u00e1g\u00e1t tan\u00fas\u00edt\u00f3 h\u00e1ziorvosi igazol\u00e1s bemutat\u00e1sa.<\/div>\n<h2><big><b>Szerz\u0151d\u00e9sk\u00f6t\u00e9s, fizet\u00e9s<\/b> <\/big><\/h2>\n<div>\n<p style=\"text-align: justify;\">Az Elmer Csal\u00e1di napk\u00f6zi fenntart\u00f3ja \u00e9s a sz\u00fcl\u0151 ell\u00e1t\u00e1si szerz\u0151d\u00e9st k\u00f6t. A szerz\u0151d\u00e9st mindk\u00e9t f\u00e9l 60 napos hat\u00e1rid\u0151vel, \u00edr\u00e1sban mondhatja fel. A t\u00e9r\u00edt\u00e9si d\u00edj az ell\u00e1t\u00e1si d\u00edjb\u00f3l \u00e9s az \u00e9tkez\u00e9si d\u00edjb\u00f3l tev\u0151dik \u00f6ssze. Hi\u00e1nyz\u00e1s eset\u00e9n csak az \u00e9tkez\u00e9si d\u00edjat \u00e1ll m\u00f3dunkban j\u00f3v\u00e1\u00edrni akkor, ha a hi\u00e1nyz\u00e1st a sz\u00fcl\u0151 a hi\u00e1nyz\u00e1st megel\u0151z\u0151 nap 15.00 \u00f3r\u00e1ig bejelentette \u00e9s lemondta. A t\u00e9r\u00edt\u00e9si d\u00edj t\u00e1rgyh\u00f3 harmadik\u00e1ig k\u00e9szp\u00e9nzben a helysz\u00ednen vagy banki \u00e1tutal\u00e1ssal lehet fizetni.<\/p>\n<\/div>\n<h2><big><b>Egy\u00fcttm\u0171k\u00f6d\u00e9s a sz\u00fcl\u0151kkel<\/b> <\/big><\/h2>\n<div>\n<p style=\"text-align: justify;\">A csal\u00e1di napk\u00f6zi az ell\u00e1t\u00e1sban r\u00e9szes\u00fcl\u0151 gyermeket csak a t\u00f6rv\u00e9nyes k\u00e9pvisel\u0151nek adhatja \u00e1t. V\u00e1ratlan, el\u0151re nem l\u00e1that\u00f3 akad\u00e1ly eset\u00e9n a t\u00f6rv\u00e9nyes k\u00e9pvisel\u0151nek telefonon kell jeleznie, ha \u00edr\u00e1sbeli felhatalmaz\u00e1ssal nem rendelkez\u0151, vagy abban nem szerepl\u0151 szem\u00e9ly viszi el a gyermeket.<\/p>\n<\/div>\n<div>\n<h2><big>Sz\u00fcl\u0151k a csal\u00e1di napk\u00f6ziben <\/big><\/h2>\n<\/div>\n<div style=\"text-align: justify;\">A gyermekek nyugalma \u00e9rdek\u00e9ben k\u00e9rj\u00fck, hogy a sz\u00fcl\u0151k csak az \u00e1tad\u00e1s \u00e1tv\u00e9tel ideje alatt tart\u00f3zkodjanak a csal\u00e1di napk\u00f6ziben. A sz\u00fcl\u0151k \u00e9s gyermekek k\u00f6z\u00f6s egy\u00fcttl\u00e9t\u00e9re rendezv\u00e9nyeink alkalm\u00e1val biztos\u00edtunk lehet\u0151s\u00e9get.<\/div>\n[\/vc_column_text][\/vc_column][\/vc_row]\n<\/section>","protected":false},"excerpt":{"rendered":"<p>[vc_row][vc_column][vc_column_text css=&#8221;.vc_custom_1615046836881{margin-right: 50px !important;margin-left: 50px !important;}&#8221;] Beszoktat\u00e1s A gyermekek ig\u00e9nyeihez alkalmazkodva a gyermekek beszoktat\u00e1sa fokozatosan t\u00f6rt\u00e9nik. A beszoktat\u00e1si id\u0151 alatt (kb. 1 \u2013 2 h\u00e9t) a sz\u00fcl\u0151k gyermek\u00fckkel egy\u00fctt, k\u00f6z\u00f6sen vesznek r\u00e9szt a napk\u00f6zi \u00e9let\u00e9ben. Sz\u00fcl\u0151vel t\u00f6rt\u00e9n\u0151 fokozatos beszoktat\u00e1s m\u00f3dszer\u00e9nek bevezet\u00e9se a gondoz\u00f3-nevel\u0151 munka egyik fontos feladata. A b\u00f6lcs\u0151d\u00e9ben a sz\u00fcl\u0151k jelenl\u00e9te biztons\u00e1got ad a&hellip;<\/p>\n","protected":false},"author":1,"featured_media":0,"parent":0,"menu_order":0,"comment_status":"closed","ping_status":"closed","template":"templates\/full-screen.php","meta":{"footnotes":""},"class_list":["post-31","page","type-page","status-publish","hentry","entry","no-media"],"_links":{"self":[{"href":"https:\/\/www.elmernapkozi.hu\/index.php\/wp-json\/wp\/v2\/pages\/31","targetHints":{"allow":["GET"]}}],"collection":[{"href":"https:\/\/www.elmernapkozi.hu\/index.php\/wp-json\/wp\/v2\/pages"}],"about":[{"href":"https:\/\/www.elmernapkozi.hu\/index.php\/wp-json\/wp\/v2\/types\/page"}],"author":[{"embeddable":true,"href":"https:\/\/www.elmernapkozi.hu\/index.php\/wp-json\/wp\/v2\/users\/1"}],"replies":[{"embeddable":true,"href":"https:\/\/www.elmernapkozi.hu\/index.php\/wp-json\/wp\/v2\/comments?post=31"}],"version-history":[{"count":6,"href":"https:\/\/www.elmernapkozi.hu\/index.php\/wp-json\/wp\/v2\/pages\/31\/revisions"}],"predecessor-version":[{"id":128,"href":"https:\/\/www.elmernapkozi.hu\/index.php\/wp-json\/wp\/v2\/pages\/31\/revisions\/128"}],"wp:attachment":[{"href":"https:\/\/www.elmernapkozi.hu\/index.php\/wp-json\/wp\/v2\/media?parent=31"}],"curies":[{"name":"wp","href":"https:\/\/api.w.org\/{rel}","templated":true}]}}

Házirend

<section class="wpb-content-wrapper">[vc_row][vc_column][vc_column_text css=&#8221;.vc_custom_1615046836881{margin-right: 50px !important;margin-left: 50px !important;}&#8221;]
<h2><b><big>Beszoktatás</big></b><big> </big></h2>
<div>
<p style="text-align: justify;">A gyermekek igényeihez alkalmazkodva a gyermekek beszoktatása fokozatosan történik. A beszoktatási idő alatt (kb. 1 – 2 hét) a szülők gyermekükkel együtt, közösen vesznek részt a napközi életében. Szülővel történő fokozatos beszoktatás módszerének bevezetése a gondozó-nevelő munka egyik fontos feladata. A bölcsődében a szülők jelenléte biztonságot ad a kisgyermeknek és megkönnyíti az új környezethez való alkalmazkodást.</p>
<p style="text-align: justify;">A kisgyermek és a gondozónő között fokozatosan kialakuló érzelmi kötődés segíti a környezet elfogadását, megkönnyíti a beilleszkedést. Az első nap egy órát töltenek a csoportban a szülővel, majd fokozatosan emelkedik a bent töltött idő. A beszoktatás első hetében a szülővel együtt, a második héten már a szülő állandó jelenléte nélkül, de rövidebb és fokozatosan emelt idővel történik. Az első napokban a szülő végzi a gondozási műveleteket, melyet a gondozónő megfigyel. Harmadik- negyedik naptól a gondozónő fokozatosan veszi át a szülőtől a gyermekkel kapcsolatos teendőket.</p>
<p style="text-align: justify;">A gyermek ébrenléti ideje alatt a szülő rövidebb- hosszabb ideig távozhat a csoportszobából. A gyermekkel megbeszélve hagyja el a csoportszobát, így tudatosítja a gyermekben, hogy nem hagyja itt, ezekből a kis jelzésekből a gyermek megtanulja, hogy biztonságban érezheti magát. Az alvás jelenti a legnehezebb gondot, ezért ha szükséges a szülő még a második hét végéig is itt tartózkodik a bölcsődében az alvás ideje alatt, illetve az ébredés várható időpontjában.</p>
<p style="text-align: justify;">A beszoktatás menetében figyelembe vesszük a gyermekek otthoni szokásait is.</p>
</div>
<h2><big><b>Ruházat</b> </big></h2>
<div>
<p>A családi napközi biztosítja:<br />
&#8211;   tisztálkodó szerek: fogkefe, fogkrém, WC-papír,szappan<br />
&#8211;   tisztálkodó eszközök: kéztörlők, fésű, valamint<br />
&#8211;   ágynemű, törölközők.<br />
Ezek tisztán tartásáról a fenntartó gondoskodik.</p>
<p>A szülőknek a következő eszközökről kell gondoskodni:<br />
&#8211;    a napköziben a gyermekek saját ruhájukat használják,<br />
&#8211;    váltóruha és váltó cipő (szabadidőruha és nem kényes cipő),<br />
&#8211;    pelenka, törlőkendő, popsi krém.<br />
Ezek tisztán tartásáról a szülők gondoskodnak.</p>
</div>
<h2><big><b>Betegség</b> </big></h2>
<div style="text-align: justify;">A beiratkozás feltétele, hogy a gyermek rendelkezzen háziorvosi igazolással arról , hogy közösségbe mehet és a szükséges védőoltásokat megkapta (oltási könyv bemutatása).<br />
Kérjük a szülőket, hogy a gyermek betegségét legkésőbb tárgynap reggel 09.00 óráig  jelezzék. Betegség esetén telefonon értesítjük a szülőt, gondviselőt, és a beteg gyermeket a többiektől elkülönítve ápoljuk, amíg érte nem jönnek. Betegség miatti hiányzást követően az ellátás folytatásának feltétele a gyermek gyógyultságát tanúsító háziorvosi igazolás bemutatása.</div>
<h2><big><b>Szerződéskötés, fizetés</b> </big></h2>
<div>
<p style="text-align: justify;">Az Elmer Családi napközi fenntartója és a szülő ellátási szerződést köt. A szerződést mindkét fél 60 napos határidővel, írásban mondhatja fel. A térítési díj az ellátási díjból és az étkezési díjból tevődik össze. Hiányzás esetén csak az étkezési díjat áll módunkban jóváírni akkor, ha a hiányzást a szülő a hiányzást megelőző nap 15.00 óráig bejelentette és lemondta. A térítési díj tárgyhó harmadikáig készpénzben a helyszínen vagy banki átutalással lehet fizetni.</p>
</div>
<h2><big><b>Együttműködés a szülőkkel</b> </big></h2>
<div>
<p style="text-align: justify;">A családi napközi az ellátásban részesülő gyermeket csak a törvényes képviselőnek adhatja át. Váratlan, előre nem látható akadály esetén a törvényes képviselőnek telefonon kell jeleznie, ha írásbeli felhatalmazással nem rendelkező, vagy abban nem szereplő személy viszi el a gyermeket.</p>
</div>
<div>
<h2><big>Szülők a családi napköziben </big></h2>
</div>
<div style="text-align: justify;">A gyermekek nyugalma érdekében kérjük, hogy a szülők csak az átadás átvétel ideje alatt tartózkodjanak a családi napköziben. A szülők és gyermekek közös együttlétére rendezvényeink alkalmával biztosítunk lehetőséget.</div>
[/vc_column_text][/vc_column][/vc_row]
</section>

<p>[vc_row][vc_column][vc_column_text css=&#8221;.vc_custom_1615046836881{margin-right: 50px !important;margin-left: 50px !important;}&#8221;] Beszoktatás A gyermekek igényeihez alkalmazkodva a gyermekek beszoktatása fokozatosan történik. A beszoktatási idő alatt (kb. 1 – 2 hét) a szülők gyermekükkel együtt, közösen vesznek részt a napközi életében. Szülővel történő fokozatos beszoktatás módszerének bevezetése a gondozó-nevelő munka egyik fontos feladata. A bölcsődében a szülők jelenléte biztonságot ad a&hellip;</p>
