{"id":21,"date":"2015-10-03T20:12:25","date_gmt":"2015-10-03T20:12:25","guid":{"rendered":"http:\/\/totaltheme.wpengine.com\/corporate\/?page_id=21"},"modified":"2021-11-18T19:48:16","modified_gmt":"2021-11-18T19:48:16","slug":"about","status":"publish","type":"page","link":"https:\/\/www.elmernapkozi.hu\/index.php\/about\/","title":{"rendered":"R\u00f3lunk"},"content":{"rendered":"<section class=\"wpb-content-wrapper\">[vc_row css=&#8221;.vc_custom_1520020645762{padding-top: 20px !important;padding-bottom: 30px !important;}&#8221;][vc_column width=&#8221;1\/3&#8243;]<div class=\"vcex-module vcex-icon-box vcex-icon-box-one wpex-relative wpex-flex wpex-text-left\"><div class=\"vcex-icon-box-symbol wpex-flex-shrink-0 wpex-mr-20\"><div class=\"vcex-icon-box-icon wpex-inline-flex wpex-items-center wpex-justify-center wpex-child-inherit-color wpex-text-center wpex-leading-none wpex-text-black\" style=\"color:#83c132;border-radius:50%;\"><span class=\"fas fa-info-circle\" aria-hidden=\"true\"><\/span><\/div><\/a><\/div><div class=\"vcex-icon-box-text wpex-flex-grow\"><h2 class=\"vcex-icon-box-heading wpex-heading wpex-text-md wpex-mb-10\">R\u00f3lunk<\/h2><div class=\"vcex-icon-box-content wpex-last-mb-0 wpex-clr\"><p style=\"text-align: justify\">Az Elmer Csal\u00e1di B\u00f6lcs\u0151de Budakeszin sz\u00e9p, csendes, kertv\u00e1rosi k\u00f6rnyezetben, t\u00f6megk\u00f6zleked\u00e9ssel \u00e9s aut\u00f3val is k\u00f6nnyen megk\u00f6zel\u00edthet\u0151 helyen tal\u00e1lhat\u00f3.Csal\u00e1di h\u00e1zunkban bar\u00e1ts\u00e1gos csoportszob\u00e1k \u00e9s kiszolg\u00e1l\u00f3 helyis\u00e9gek biztos\u00edtj\u00e1k a zavartalan m\u0171k\u00f6d\u00e9st. K\u00f6zel 600 n\u00e9gyzetm\u00e9teres kertje lehet\u0151v\u00e9 teszi az eg\u00e9sz napos j\u00f3 leveg\u0151n tart\u00f3zkod\u00e1st, mozg\u00e1st, kert\u00e9szked\u00e9st. \u00a0A h\u00e1z el\u0151tt parkol\u00e1si lehet\u0151s\u00e9g van, melyet a sz\u00fcl\u0151k ig\u00e9nybe vehetnek.<\/p>\n<p style=\"text-align: justify\">A b\u00f6lcs\u0151de jelleg\u0171 kis k\u00f6z\u00f6ss\u00e9gben legfontosabb feladatunk a gyermek biztons\u00e1g\u00e9rzet\u00e9nek megteremt\u00e9se, ahol a gyermekeknek lehet\u0151s\u00e9ge ny\u00edlik a fokozatos szocializ\u00e1ci\u00f3ra, a hasonl\u00f3 kor\u00fa gyermekekkel val\u00f3 megismerked\u00e9sre \u00e9s a k\u00f6z\u00f6s j\u00e1t\u00e9kra.<\/p>\n<\/div><\/div><\/div>[\/vc_column][vc_column width=&#8221;1\/3&#8243;]<div class=\"vcex-module vcex-icon-box vcex-icon-box-one wpex-relative wpex-flex wpex-text-left\"><div class=\"vcex-icon-box-symbol wpex-flex-shrink-0 wpex-mr-20\"><div class=\"vcex-icon-box-icon wpex-inline-flex wpex-items-center wpex-justify-center wpex-child-inherit-color wpex-text-center wpex-leading-none wpex-text-black\" style=\"color:#83c132;border-radius:50%;\"><span class=\"fas fa-info-circle\" aria-hidden=\"true\"><\/span><\/div><\/a><\/div><div class=\"vcex-icon-box-text wpex-flex-grow\"><h2 class=\"vcex-icon-box-heading wpex-heading wpex-text-md wpex-mb-10\">C\u00e9ljaink<\/h2><div class=\"vcex-icon-box-content wpex-last-mb-0 wpex-clr\"><p style=\"text-align: justify\">Els\u0151dleges feladatunknak tekintj\u00fck, hogy nyugodt, der\u0171s, kiegyens\u00falyozott h\u00e1tteret biztos\u00edtsunk a gyermekek \u00f6nfeledt j\u00e1t\u00e9k\u00e1hoz, mindennapi tev\u00e9kenys\u00e9g\u00e9hez.<br \/>\nA gyermekek fejl\u0151d\u00e9s\u00e9hez sz\u00fcks\u00e9ges v\u00e1ltozatos tev\u00e9kenys\u00e9gek mellett \u00e9szrev\u00e9tlen\u00fcl saj\u00e1t\u00edtj\u00e1k el a higi\u00e9niai szok\u00e1sokat, v\u00e1lnak egyre \u00f6n\u00e1ll\u00f3bb\u00e1. Kiemelten fontosnak tartjuk az eg\u00e9szs\u00e9ges t\u00e1pl\u00e1lkoz\u00e1sra \u00e9s eg\u00e9szs\u00e9ges \u00e9letm\u00f3dra val\u00f3 nevel\u00e9st, a sz\u00ednvonalas, a gyerekek testi \u00e9s szellemi fejl\u0151d\u00e9s\u00e9t seg\u00edt\u0151 eszk\u00f6z\u00f6k, j\u00e1t\u00e9kok, foglalkoz\u00e1sok biztos\u00edt\u00e1s\u00e1t \u00e9s v\u00e9g\u00fcl de nem utols\u00f3 sorban igyeksz\u00fcnk ig\u00e9nyes, sz\u00ednes, harmonikus k\u00f6rnyezetet biztos\u00edtani.<\/p>\n<p style=\"text-align: justify\">Arra t\u00f6reksz\u00fcnk, hogy a csal\u00e1dokkal egy\u00fcttm\u0171k\u00f6dve, egy\u00fctt nevelj\u00fck a gyermekeket a rendszeress\u00e9g, a fokozatoss\u00e1g \u00e9s a pozit\u00edv nevel\u00e9si m\u00f3dszerek alkalmaz\u00e1s\u00e1val.<\/p>\n<\/div><\/div><\/div>[\/vc_column][vc_column width=&#8221;1\/3&#8243;]<div class=\"vcex-module vcex-icon-box vcex-icon-box-one wpex-relative wpex-flex wpex-text-left\"><div class=\"vcex-icon-box-symbol wpex-flex-shrink-0 wpex-mr-20\"><div class=\"vcex-icon-box-icon wpex-inline-flex wpex-items-center wpex-justify-center wpex-child-inherit-color wpex-text-center wpex-leading-none wpex-text-black\" style=\"color:#83c132;border-radius:50%;\"><span class=\"fas fa-info-circle\" aria-hidden=\"true\"><\/span><\/div><\/a><\/div><div class=\"vcex-icon-box-text wpex-flex-grow\"><h2 class=\"vcex-icon-box-heading wpex-heading wpex-text-md wpex-mb-10\">\u00c9tkez\u00e9s<\/h2><div class=\"vcex-icon-box-content wpex-last-mb-0 wpex-clr\"><p style=\"text-align: justify\">\u00c9tlapunk a kisgyermekek t\u00e1panyagsz\u00fcks\u00e9glet\u00e9nek figyelembev\u00e9tel\u00e9vel k\u00e9sz\u00fcl, k\u00fcl\u00f6n figyel\u00fcnk a v\u00e1ltozatoss\u00e1gra \u00e9s a gyermekek \u00e9letkori saj\u00e1toss\u00e1g\u00e1b\u00f3l fakad\u00f3 t\u00e1pl\u00e1lkoz\u00e1si ig\u00e9nyekre.A reggeli sor\u00e1n t\u00f6bb alkalommal k\u00edn\u00e1lunk a gyermekek sz\u00e1m\u00e1ra teljes ki\u0151rl\u00e9s\u0171 gabon\u00e1b\u00f3l k\u00e9sz\u00fclt p\u00e9k\u00e1rut, sonk\u00e1t, toj\u00e1st, sajtot szeletelt z\u00f6lds\u00e9gekkel. Az innival\u00f3 tej, kaka\u00f3, tea \u00e9s v\u00edz. A t\u00edz\u00f3rai, gy\u00fcm\u00f6lcs, alkalmank\u00e9nt z\u00f6lds\u00e9g \u00e9s v\u00edz, Az eb\u00e9det az Eg\u00e9szs\u00e9gkonyha biztos\u00edtja \u00e9s a koroszt\u00e1lynak megfelel\u0151en t\u00f6bbnyire f\u0151zel\u00e9k, (darabolt) felt\u00e9ttel. Az uzsonna p\u00e9ks\u00fctem\u00e9ny (keny\u00e9r, zsemle, kifli, moln\u00e1rka), joghurt, vaj-, sajt-, vagy m\u00e1jkr\u00e9m, z\u00f6lds\u00e9gekkel.<\/p>\n<p style=\"text-align: justify\">A heti \u00e9tlapokr\u00f3l a b\u00f6lcs\u0151de hirdet\u0151 t\u00e1bl\u00e1j\u00e1n t\u00e1j\u00e9koz\u00f3dhatnak a sz\u00fcl\u0151k.<\/p>\n<\/div><\/div><\/div>[\/vc_column][\/vc_row][vc_row css=&#8221;.vc_custom_1520020652040{margin-bottom: 30px !important;}&#8221;][vc_column]<div class=\"vcex-module vcex-icon-box vcex-icon-box-one wpex-relative wpex-flex wpex-text-left\"><div class=\"vcex-icon-box-symbol wpex-flex-shrink-0 wpex-mr-20\"><div class=\"vcex-icon-box-icon wpex-inline-flex wpex-items-center wpex-justify-center wpex-child-inherit-color wpex-text-center wpex-leading-none wpex-text-black wpex-p-15\" style=\"color:#ffffff;border-radius:50%;background:#83c132;\"><span class=\"fas fa-info-circle\" aria-hidden=\"true\"><\/span><\/div><\/a><\/div><div class=\"vcex-icon-box-text wpex-flex-grow\"><h2 class=\"vcex-icon-box-heading wpex-heading wpex-text-md wpex-mb-10\">Beszoktat\u00e1s<\/h2><div class=\"vcex-icon-box-content wpex-last-mb-0 wpex-clr\"><p>B\u00f6lcs\u0151d\u00e9nkben 1 \u00e9ves kort\u00f3l v\u00e1rjuk a gyermekeket. Ebben az \u00e9letkorban a gyermekre m\u00e9g nagyon intenz\u00edven hatnak az \u00c9desanya \u00e9rzelmei. T\u00f6rekedjenek arra, hogy k\u00f6nny\u0171 sz\u00edvvel hozz\u00e1k a b\u00f6lcs\u0151de kisgyermek\u00fcket, m\u00e9g ha az elhat\u00e1roz\u00e1s nehezen sz\u00fcletett is meg.<\/p>\n<p><strong>K\u00e9sz\u00fcljenek a b\u00f6lcs\u0151d\u00e9re testben, l\u00e9lekben egyar\u00e1nt!<\/strong><\/p>\n<p>Eg\u00e9szen biztosan sz\u00e1m\u00edthatnak kezdeti betegesked\u00e9sekre, \u00edgy c\u00e9lszer\u0171 a beszoktat\u00e1s idej\u00e9t a munk\u00e1ba \u00e1ll\u00e1s el\u0151tt a szabads\u00e1guk alatt elkezdeni. A betegs\u00e9g szinte elker\u00fclhetetlen velej\u00e1r\u00f3ja a b\u00f6lcs\u0151dei \u00e9letnek, k\u00fcl\u00f6n\u00f6sen az \u0151szi id\u0151szakban.<\/p>\n<p>A b\u00f6lcs\u0151dei beszoktat\u00e1s alatt sz\u00e1m\u00edtsunk arra, hogy az eddig nyugodt, kedves gyermek\u00fcnk megv\u00e1ltozhat. Ehhez persze hozz\u00e1j\u00e1rulnak az \u00e9let\u00e9ben am\u00fagy is bek\u00f6vetkez\u0151 v\u00e1ltoz\u00e1sok (szepar\u00e1ci\u00f3s f\u00e9lelem, a j\u00e1r\u00e1ssal a vil\u00e1g felfedez\u00e9sekor tapasztalhat\u00f3 ijedts\u00e9g stb.). A k\u00f6z\u00f6ss\u00e9gben eg\u00e9sz nap alkalmazkodnia kell, \u00edgy est\u00e9re elf\u00e1rad \u00e9s\u00a0otthon nyugtalanabb lesz.<\/p>\n<p>Nagyon fontos, hogy a beszoktat\u00e1s el\u0151tt \u00e9s a beszoktat\u00e1s ideje alatt lehet\u0151leg csak annyi v\u00e1ltoz\u00e1s legyen a kisgyermek \u00e9let\u00e9ben, amennyi felt\u00e9tlen\u00fcl sz\u00fcks\u00e9ges. Ne rendezz\u00e9k \u00e1t a gyermek szob\u00e1j\u00e1t, \u00e9s ha m\u00e9g anyatejet kap, ne a beszoktat\u00e1s el\u0151tt p\u00e1r nappal kezdj\u00e9k el leszoktatni szoptat\u00e1sr\u00f3l, cumir\u00f3l, cumis\u00fcvegr\u0151l \u2026 stb.<\/p>\n<p><strong>A beszoktat\u00e1s \u00e1ltal\u00e1nos menete<\/strong><\/p>\n<p>\u00c1ltal\u00e1ban 1 \u2013 3 h\u00e9t sz\u00fcks\u00e9ges ahhoz, hogy a beszoktat\u00e1s probl\u00e9mamentes legyen. Az els\u0151 h\u00e9ten a sz\u00fcl\u0151vel egy\u00fctt a m\u00e1sodik h\u00e9ten a sz\u00fcl\u0151 \u00e1lland\u00f3 jelenl\u00e9te n\u00e9lk\u00fcl \u00e9s fokozatosan emelt id\u0151t t\u00f6lt a gyermek a csal\u00e1di b\u00f6lcs\u0151d\u00e9ben.<\/p>\n<p>Az <strong>els\u0151 napokban<\/strong> a sz\u00fcl\u0151 \u00e9s a gyermek csak egy-k\u00e9t \u00f3r\u00e1t t\u00f6lt a csal\u00e1di b\u00f6lcs\u0151d\u00e9ben, a gondoz\u00e1si m\u0171veleteket az anya v\u00e9gzi, a gondoz\u00f3n\u0151 ezeket figyelemmel k\u00eds\u00e9ri.<\/p>\n<p>A <strong>m\u00e1sodik-harmadik<\/strong> <strong>napon<\/strong> a gondoz\u00f3n\u0151 k\u00eds\u00e9rletet tesz egy-egy gondoz\u00e1si m\u0171velet elv\u00e9gz\u00e9s\u00e9re, majd az <strong>\u00f6t\u00f6dik-hatodik<\/strong> <strong>nap<\/strong>t\u00f3l fokozatosan veszi \u00e1t a sz\u00fcl\u0151t\u0151l a gondoz\u00e1si m\u0171veleteket \u00e9s megk\u00edn\u00e1ljuk t\u00edz\u00f3raival, \u00e9s eb\u00e9ddel. Ezzel egyidej\u0171leg a sz\u00fcl\u0151 hosszabb-r\u00f6videbb ideig t\u00e1vozik a j\u00e1tsz\u00f3szob\u00e1b\u00f3l.<\/p>\n<p>A <strong>m\u00e1sodik h\u00e9ten<\/strong>, ha m\u00e1r a kisgyermek bar\u00e1ts\u00e1gos a gondoz\u00f3j\u00e1val, elfogad t\u0151le \u00e9telt \u00e9s j\u00e1tszanak m\u00e1r egy\u00fctt, akkor a sz\u00fcl\u0151 eleinte r\u00f6vid, majd egyre hosszabb id\u0151re elt\u00e1vozhat. Fontos, hogy a sz\u00fcl\u0151 b\u00facs\u00fazzon el gyermek\u00e9t\u0151l, ne menjen el k\u00f6sz\u00f6n\u00e9s n\u00e9lk\u00fcl. Lehet,\u00a0 hogy s\u00edrni fog a gyermek a b\u00facs\u00fazkod\u00e1sn\u00e1l, de nem \u00e9rzi becsapottnak mag\u00e1t, ha keresi a sz\u00fcl\u0151t.<\/p>\n<p>\u00c1ltal\u00e1ban a beszoktat\u00e1s m\u00e1sodik het\u00e9ben a gyermek m\u00e1r van olyan j\u00f3 kapcsolatban az ell\u00e1t\u00f3 szem\u00e9llyel, hogy sz\u00fcks\u00e9g eset\u00e9n r\u00f6vid id\u0151n bel\u00fcl megtudja vigasztalni a gyermeket.<\/p>\n<p>A <strong>hetedik-kilencedik<\/strong> napon a gyermek egyre t\u00f6bb id\u0151t t\u00f6lt a csal\u00e1di b\u00f6lcs\u0151d\u00e9ben sz\u00fcl\u0151 n\u00e9lk\u00fcl.<\/p>\n<p>A beszoktat\u00e1s alatt a legnagyobb neh\u00e9zs\u00e9get az alv\u00e1s jelenti ez\u00e9rt erre csak a <strong>t\u00edzedik napon<\/strong> ker\u00fcl sor, \u00e9s az \u00e9bred\u00e9s v\u00e1rhat\u00f3 id\u0151pontj\u00e1ban a sz\u00fcl\u0151 a csal\u00e1di b\u00f6lcs\u0151d\u00e9ben tart\u00f3zkodik.<\/p>\n<p>A fenti napirend csak ir\u00e1nymutat\u00f3, nem szigor\u00faan alkalmazott szab\u00e1ly, gyermekenk\u00e9nt v\u00e1ltoz\u00f3 \u00fctemben, anya-gyermek kapcsolat\u00e1t\u00f3l f\u00fcgg\u0151en v\u00e1ltozhat. A beszoktat\u00e1s \u00fctem\u00e9t megszak\u00edthatj\u00e1k betegs\u00e9gek, egy\u00e9b t\u00e9nyez\u0151k. Ebben az esetben a beszoktat\u00e1s \u00fcteme visszaeshet. A beszoktat\u00e1s sok t\u00fcrelmet, meg\u00e9rt\u00e9st, egy\u00fcttm\u0171k\u00f6d\u00e9st ig\u00e9nyel minden benne r\u00e9szvev\u0151t\u0151l.<\/p>\n<p>&nbsp;<\/p>\n<\/div><\/div><\/div><div class=\"vcex-module vcex-icon-box vcex-icon-box-one wpex-relative wpex-flex wpex-text-left\"><div class=\"vcex-icon-box-symbol wpex-flex-shrink-0 wpex-mr-20\"><div class=\"vcex-icon-box-icon wpex-inline-flex wpex-items-center wpex-justify-center wpex-child-inherit-color wpex-text-center wpex-leading-none wpex-text-black wpex-p-15\" style=\"color:#ffffff;border-radius:50%;background:#83c132;\"><span class=\"fas fa-info-circle\" aria-hidden=\"true\"><\/span><\/div><\/a><\/div><div class=\"vcex-icon-box-text wpex-flex-grow\"><h2 class=\"vcex-icon-box-heading wpex-heading wpex-text-md wpex-mb-10\">\u00dcnnepek, jeles napok, rendezv\u00e9nyek<\/h2><div class=\"vcex-icon-box-content wpex-last-mb-0 wpex-clr\"><ul>\n<li>Febru\u00e1r: Farsang<\/li>\n<li>M\u00e1rcius: V\u00edz napja<\/li>\n<li>\u00c1prilis: H\u00fasv\u00e9t, F\u00f6ld napja<\/li>\n<li>M\u00e1jus: Any\u00e1k napja, Madarak \u00e9s f\u00e1k napja<\/li>\n<li>J\u00fanius: Gyermeknap, \u00c9vz\u00e1r\u00f3<\/li>\n<li>Szeptember: Sz\u00fcret<\/li>\n<li>Okt\u00f3ber: \u00c1llatok vil\u00e1gnapja<\/li>\n<li>November: M\u00e1rton nap<\/li>\n<li>December: Mikul\u00e1s, Adventi k\u00e9sz\u00fcl\u0151d\u00e9s, Kar\u00e1csony<\/li>\n<\/ul>\n<p>A sz\u00fcl\u0151k bevon\u00e1s\u00e1val k\u00f6z\u00f6sen \u00fcnnepelj\u00fck meg az Any\u00e1k napj\u00e1t, \u00e9s az \u00e9vz\u00e1r\u00f3 ny\u00e1rind\u00edt\u00f3 zs\u00fart.<\/p>\n<p><strong>A gyermekek \u00fcnnepei<\/strong><\/p>\n<ul>\n<li>A csal\u00e1di b\u00f6lcs\u0151d\u00e9be j\u00e1r\u00f3 gyerekek sz\u00fclet\u00e9snapj\u00e1t meg\u00fcnnepelj\u00fck, erre az alkalomra a csoport szob\u00e1t \u00fcnnepi dekor\u00e1ci\u00f3val d\u00edsz\u00edtj\u00fck, zen\u00e9vel, t\u00e1nccal \u00e9s s\u00fctem\u00e9nnyel \u00fcnnepl\u00fcnk.<\/li>\n<\/ul>\n<\/div><\/div><\/div>[\/vc_column][\/vc_row][vc_row full_width=&#8221;stretch_row&#8221; parallax=&#8221;content-moving&#8221; parallax_image=&#8221;49&#8243; css=&#8221;.vc_custom_1520020659454{padding-top: 80px !important;padding-bottom: 40px !important;background-color: #555555 !important;}&#8221;][vc_column]<div class=\"vcex-heading vcex-module wpex-text-2xl wpex-font-normal wpex-m-auto wpex-max-w-100 vcex-heading-plain wpex-block wpex-text-center vc_custom_1637263694023\" style=\"color:#ffffff;\"><span class=\"vcex-heading-inner wpex-inline-block wpex-clr\">T\u00f6bbet r\u00f3lunk<\/span><\/div><div class=\"vcex-module vcex-divider vcex-divider-solid wpex-max-w-100 wpex-mx-auto wpex-block wpex-h-0 wpex-border-b wpex-border-solid wpex-border-gray-200\" style=\"width:80px;border-bottom-width:3px;border-color:#83c132;\"><\/div><div class=\"vcex-spacing wpex-w-100 wpex-clear\" style=\"height:30px\"><\/div>[vc_column_text width=&#8221;750px&#8221; color=&#8221;#ffffff&#8221;]\n<p style=\"text-align: center;\">&#8230;.<\/p>\n[\/vc_column_text][\/vc_column][\/vc_row][vc_row css=&#8221;.vc_custom_1520020669658{padding-top: 60px !important;}&#8221;][vc_column][\/vc_column][\/vc_row]\n<\/section>","protected":false},"excerpt":{"rendered":"<p>[vc_row css=&#8221;.vc_custom_1520020645762{padding-top: 20px !important;padding-bottom: 30px !important;}&#8221;][vc_column width=&#8221;1\/3&#8243;][\/vc_column][vc_column width=&#8221;1\/3&#8243;][\/vc_column][vc_column width=&#8221;1\/3&#8243;][\/vc_column][\/vc_row][vc_row css=&#8221;.vc_custom_1520020652040{margin-bottom: 30px !important;}&#8221;][vc_column][\/vc_column][\/vc_row][vc_row full_width=&#8221;stretch_row&#8221; parallax=&#8221;content-moving&#8221; parallax_image=&#8221;49&#8243; css=&#8221;.vc_custom_1520020659454{padding-top: 80px !important;padding-bottom: 40px !important;background-color: #555555 !important;}&#8221;][vc_column][vc_column_text width=&#8221;750px&#8221; color=&#8221;#ffffff&#8221;] &#8230;. [\/vc_column_text][\/vc_column][\/vc_row][vc_row css=&#8221;.vc_custom_1520020669658{padding-top: 60px !important;}&#8221;][vc_column][\/vc_column][\/vc_row]<\/p>\n","protected":false},"author":1,"featured_media":0,"parent":0,"menu_order":0,"comment_status":"closed","ping_status":"closed","template":"","meta":{"footnotes":""},"class_list":["post-21","page","type-page","status-publish","hentry","entry","no-media"],"_links":{"self":[{"href":"https:\/\/www.elmernapkozi.hu\/index.php\/wp-json\/wp\/v2\/pages\/21","targetHints":{"allow":["GET"]}}],"collection":[{"href":"https:\/\/www.elmernapkozi.hu\/index.php\/wp-json\/wp\/v2\/pages"}],"about":[{"href":"https:\/\/www.elmernapkozi.hu\/index.php\/wp-json\/wp\/v2\/types\/page"}],"author":[{"embeddable":true,"href":"https:\/\/www.elmernapkozi.hu\/index.php\/wp-json\/wp\/v2\/users\/1"}],"replies":[{"embeddable":true,"href":"https:\/\/www.elmernapkozi.hu\/index.php\/wp-json\/wp\/v2\/comments?post=21"}],"version-history":[{"count":15,"href":"https:\/\/www.elmernapkozi.hu\/index.php\/wp-json\/wp\/v2\/pages\/21\/revisions"}],"predecessor-version":[{"id":204,"href":"https:\/\/www.elmernapkozi.hu\/index.php\/wp-json\/wp\/v2\/pages\/21\/revisions\/204"}],"wp:attachment":[{"href":"https:\/\/www.elmernapkozi.hu\/index.php\/wp-json\/wp\/v2\/media?parent=21"}],"curies":[{"name":"wp","href":"https:\/\/api.w.org\/{rel}","templated":true}]}}